t the prime factors of a.
229
Let t(r) = 3*r**2 - 4*r - 72. Let p be t(-6). What are the prime factors of (p/21)/(-10) + 1997/7?
3, 5, 19
Let f(s) = -55 + 19*s + 168 - 84. List the prime factors of f(10).
3, 73
Let r(y) = -33*y - 356. Let o be r(-11). Suppose -4450 = -o*a + 149. List the prime factors of a.
3, 73
List the prime factors of (10295 + 5 - 7) + (15 - 9).
3, 3433
List the prime factors of 1*6 + (32585/6 - 1210/1452).
2, 3, 151
What are the prime factors of ((-534)/445)/((18/(-26535))/2)?
2, 29, 61
List the prime factors of (32/10)/(221488/(-73840) - -3).
2, 13, 71
Suppose -5*k = 4*g - 226, 0 = -3*g + 2*k + 9 + 149. Suppose 5*u - g = 106. Let v = 57 - u. List the prime factors of v.
5
Suppose 3*n - 266*j + 261*j = 66398, 4*n = 4*j + 88536. List the prime factors of n.
2, 2767
Let j = 183 - 331. Let c = j - -106. List the prime factors of (-7)/c + 11/6.
2
Suppose 2714 = 409*h - 408*h. What are the prime factors of (h/4)/(232/16 + -14)?
23, 59
Let p = 4852 + -705. What are the prime factors of p?
11, 13, 29
Let y(i) = i + 5. Let n be y(0). Suppose -4*h + 4*f = -792, -320 + 1306 = n*h - f. List the prime factors of h.
197
Suppose 0 = -r, -5*r + r = 3*b + r - 55419. What are the prime factors of b?
7, 13, 29
Let y(r) = 174*r**2 + 18*r - 2. Let u be y(2). Let w = u - 31. What are the prime factors of w?
3, 233
Suppose -2*c = -5*c - 5511. Let o be c/143 - (-1 - 30/(-26)). List the prime factors of (o/((-117)/(-6)))/(2/(-9)).
3
Let q(w) = w**2 + 36*w - 36. Let y be q(18). Suppose -186 = -6*f + y. List the prime factors of f.
11, 17
Suppose 232*d - 11191120 = -63*d. What are the prime factors of d?
2, 2371
Suppose 7065 = -2*l + 7*l. Let z = l - 728. List the prime factors of z.
5, 137
Suppose 0 = 21*w + 15*w - 864. Let b = 1097 + w. List the prime factors of b.
19, 59
Let c(v) = 619*v - 9051. What are the prime factors of c(40)?
23, 683
Let t(y) = -2*y**2 + 13*y + 11. Let z be t(7). Let j(l) = 170*l + 48. List the prime factors of j(z).
2, 7, 13
Let m(z) = z + 10. Let v be m(-7). Let w(c) = 2*c**3 - v*c**3 + 56 + 14. What are the prime factors of w(0)?
2, 5, 7
Let b = 65 - 48. Let d = -39 + b. Let g = d - -200. List the prime factors of g.
2, 89
Let i(p) = -5*p**2 + 0*p**3 + p + 6*p - 13 + 2*p**3 - 3*p. What are the prime factors of i(6)?
263
Let c(h) be the first derivative of 2*h**3 + h + 22. Let z be c(-1). Suppose -5*s = -z*s + 70. What are the prime factors of s?
5, 7
Let r be 1/(-4)*471 - (-4)/(-16). Let g = r + 59. Let w = 77 + g. List the prime factors of w.
2, 3
Let f = 8989 - 2355. What are the prime factors of f?
2, 31, 107
Let c(x) = 1997*x**3 + 5*x**2 + 23*x - 40. List the prime factors of c(3).
53993
What are the prime factors of (2/6*-1)/(6/(-15336))?
2, 3, 71
What are the prime factors of 216230/50 + (-14)/(-10)?
2, 3, 7, 103
Suppose 18 = -46*s + 52*s. Let o(b) = 8*b**3 - 4*b**2 - 2*b - 12. What are the prime factors of o(s)?
2, 3
Suppose 0 = 11*n - 20045 + 9144. What are the prime factors of n?
991
Suppose 10*r - 7*r = 15. Let x = r + 1. Suppose -11*a + 95 = -x*a. List the prime factors of a.
19
Let q be (-4)/30 - 160/(-75). Let c be q/3*(2 - (-295)/(-2)). Let j = c - -144. List the prime factors of j.
47
Suppose 55*x - 1284804 = -42*x + 1132533. List the prime factors of x.
3, 13, 71
Suppose 4727 - 225326 = -33*o - 16560. List the prime factors of o.
3, 229
What are the prime factors of (20327948/2508 + (-1)/(-11))/((-10)/(-30))?
2, 6079
Suppose -31*i + 1409250 = 8*i + 86*i. What are the prime factors of i?
2, 3, 1879
Let w(f) = -12235*f - 751. List the prime factors of w(-2).
23719
Let f = -27957 + 56497. List the prime factors of f.
2, 5, 1427
Suppose 0 = 78*c + 29166 - 218164 - 412694. List the prime factors of c.
2, 7, 19, 29
Let z be 2 - 3*(-12840)/18. Let h = -1386 + z. What are the prime factors of h?
2, 3, 7
Let j(h) = -h**3 - h**2 + 4*h - 1. Let s be j(-3). Let b = s - -40. Let r = b + -28. What are the prime factors of r?
17
Suppose -5*w + 2*u = -18 + 4, 4*u + 14 = 3*w. List the prime factors of (w - 3)/(0 - (-5)/(-1560)).
2, 3, 13
Suppose 0 = -4*w + 4, -l = l - 4*w. Suppose -253*q - 18 = -247*q. List the prime factors of q/((-18)/300) + l.
2, 13
Suppose -15*n - 12934 = -r - 17*n, -38762 = -3*r + 2*n. What are the prime factors of r?
2, 3, 359
Let q = 1386 + -894. Suppose 2*d + 3 = -1, 2*h - q = -4*d. Suppose 0 = x + 3, 4*v - x = x + h. What are the prime factors of v?
61
Suppose 4*y + 3777 = 3*l, -7*l - 2*y - 6281 = -12*l. Suppose z - 1566 = -4*f - 583, 4*z + l = 5*f. List the prime factors of f.
13, 19
Let w be ((-40)/(-14))/(6/(-126)*-6). Let i be 11 - (-1 - (2 + -1)). Let p = i + w. What are the prime factors of p?
23
Suppose 8*x + 14028 = 29*x. Let r = x + -1144. Let u = 714 + r. What are the prime factors of u?
2, 7, 17
Let k(h) = 37*h**2 + 8*h - 41. Let w be k(7). Suppose 11*g - 12*g + 3*o + 372 = 0, 0 = -5*g - o + w. What are the prime factors of g?
2, 3, 61
Let s(x) be the third derivative of x**5/10 - x**4/4 + 25*x**3/6 - 91*x**2. List the prime factors of s(5).
5, 29
Suppose 699678 = 70509*a - 70491*a. List the prime factors of a.
3, 7, 617
Suppose 0 = -b + 5*y - 2 + 10, 5*y = -4*b + 32. List the prime factors of -12*688/(-12)*4/b.
2, 43
Suppose -2*x = -0*x, -78*x = v - 79*x - 351. List the prime factors of v.
3, 13
Suppose 3*a - 35*a + 177882 = 14*a. What are the prime factors of a?
3, 1289
Let w = 5312 + -4067. What are the prime factors of w?
3, 5, 83
List the prime factors of 2*(-21278)/3*(-103)/((-9888)/(-432)).
2, 3, 10639
Let w(g) = 22*g**2 + 71*g - 11. Let r(l) = -23*l**2 - 71*l + 12. Let s(z) = 3*r(z) + 4*w(z). What are the prime factors of s(-5)?
2, 7
Let f be (6/8)/(219/72 - 3). Let y(m) = -2*m + 6. Let r be y(8). List the prime factors of (25/r*4)/((-2)/f).
2, 3, 5
Let j be (-135)/(-36)*(-8)/(-6). Suppose -3*r + 735 = 3*x, -j*x - 2*r + 163 = -1056. List the prime factors of x.
3
Let v be (-880)/(-112) + 2/14. List the prime factors of 8*(2 - (-462)/v).
2, 239
Suppose -34966 = -3*i + 37*c - 39*c, 11657 = i + c. List the prime factors of i.
2, 3, 971
List the prime factors of 1*11959 - (86 - 87) - -5.
5, 2393
Suppose 17*a = -521 + 4584. Suppose o - 30 = a. List the prime factors of o.
269
Suppose 2*c - 15*w + 19*w - 57986 = 0, -5*c - 2*w + 145013 = 0. List the prime factors of c.
5, 5801
Suppose 0 = x + x - 8. Suppose -4*r + 0*r - 852 = -x*i, -5*r = 0. Suppose 0 = 4*g + m - 481, 0 = 2*g - 5*m - 0*m - i. What are the prime factors of g?
7, 17
Suppose -13*o - 15 = 89. What are the prime factors of (92/o + -5)*(-168)/9?
2, 7, 11
Suppose 2*j = v + 8894, 4*v = -6*j + 4*j + 8864. What are the prime factors of j?
2, 11, 101
Let s(f) = 2*f + 39. Let b be s(-18). Suppose -2*v - 940 = -3*g, 0 = -v + b*v + 4. List the prime factors of g.
2, 3, 13
Suppose -4*d - 8*y + 16488 = 0, d - 6*d = -3*y - 20545. What are the prime factors of d?
2, 257
Suppose 0 = -6*c + 5*c + 16. Suppose 5552 = c*i - 2032. What are the prime factors of i?
2, 3, 79
Let c be (-3)/(-10)*4*(-4120)/(-12). Suppose -4*g + 64 = -c. What are the prime factors of g?
7, 17
Suppose 0 = -5*r + 3*x + 264, 2*x = -12*r + 8*r + 198. Let h = -48 - -76. Let y = r - h. List the prime factors of y.
23
Let f be (-562)/(-3)*-15*6/(-60). Suppose 2*a - 3031 = -5*d, -a + f + 1242 = 4*d. What are the prime factors of a?
3, 167
Let t(l) = -l**2 - 15*l - 4. Let h be t(-6). Suppose 214 + h = 3*k. List the prime factors of k.
2, 11
Let b(i) = 111*i**3 - 9*i**2 - 5*i + 11. Let r be 1*(-1)/(-3) - 375/(-225). What are the prime factors of b(r)?
853
Let c = 1338 + 139. Let h = c + -963. List the prime factors of h.
2, 257
List the prime factors of -3159*(-16)/(-24)*(1 - 25/3).
2, 3, 11, 13
List the prime factors of (112401/138)/((-6)/(-32)).
2, 3, 181
Let v be 7/5 - 18/(-30). Suppose -5*k - 2*i = 28924, -3*i = k - v*i + 5786. List the prime factors of 32/(-14) - -2 - k/56.
103
Suppose 10*q + m + 258529 = 14*q, 0 = -3*q + 18*m + 193845. What are the prime factors of q?
64633
Suppose -3*w - 2*a = -2769, 6*w - 5*w + 5*a - 936 = 0. Let f = w + -397. List the prime factors of f.
2, 131
Let u(x) = x**3 + 3*x**2 - 21*x + 2. Let n(j) = 4*j - 60. Let o be n(14). What are the prime factors of u(o)?
2, 5, 7
Let c(t) = t - 11. Let z be c(15). Let q be 2 + 6/(6/z*1). What a